{"id":21899,"date":"2024-03-28T15:18:58","date_gmt":"2024-03-28T15:18:58","guid":{"rendered":"https:\/\/www.guidaeuroprogettazione.eu\/formazione\/europe-desk-cerv-europaeisches-gedaechtnis\/"},"modified":"2024-03-28T15:18:58","modified_gmt":"2024-03-28T15:18:58","slug":"europe-desk-cerv-europaeisches-gedaechtnis","status":"publish","type":"formazione","link":"https:\/\/euknow.it\/de\/formazione\/europe-desk-cerv-europaeisches-gedaechtnis\/","title":{"rendered":"Europe Desk: CERV - Europ\u00e4isches Ged\u00e4chtnis"},"content":{"rendered":"<p>Europ\u00e4isches Ged\u00e4chtnis - Der neue Aufruf des europ\u00e4ischen CERV-Programms<\/p>\n","protected":false},"excerpt":{"rendered":"<p>Europ\u00e4isches Ged\u00e4chtnis - Der neue Aufruf des europ\u00e4ischen CERV-Programms<\/p>\n","protected":false},"author":10,"featured_media":19727,"template":"","meta":{"_acf_changed":false,"inline_featured_image":false},"class_list":["post-21899","formazione","type-formazione","status-publish","has-post-thumbnail","hentry","argomento-webinar-de"],"acf":[],"_links":{"self":[{"href":"https:\/\/euknow.it\/de\/wp-json\/wp\/v2\/formazione\/21899","targetHints":{"allow":["GET"]}}],"collection":[{"href":"https:\/\/euknow.it\/de\/wp-json\/wp\/v2\/formazione"}],"about":[{"href":"https:\/\/euknow.it\/de\/wp-json\/wp\/v2\/types\/formazione"}],"author":[{"embeddable":true,"href":"https:\/\/euknow.it\/de\/wp-json\/wp\/v2\/users\/10"}],"wp:featuredmedia":[{"embeddable":true,"href":"https:\/\/euknow.it\/de\/wp-json\/wp\/v2\/media\/19727"}],"wp:attachment":[{"href":"https:\/\/euknow.it\/de\/wp-json\/wp\/v2\/media?parent=21899"}],"curies":[{"name":"wp","href":"https:\/\/api.w.org\/{rel}","templated":true}]}}

Europe Desk: CERV - Europäisches Gedächtnis

<p>Europäisches Gedächtnis - Der neue Aufruf des europäischen CERV-Programms</p>
