{"id":21812,"date":"2021-02-12T09:00:32","date_gmt":"2021-02-12T09:00:32","guid":{"rendered":"https:\/\/www.guidaeuroprogettazione.eu\/formazione\/defis-europeens-une-voie-dacces-aux-fonds-europeens\/"},"modified":"2021-02-12T09:00:32","modified_gmt":"2021-02-12T09:00:32","slug":"defis-europeens-une-voie-dacces-aux-fonds-europeens","status":"publish","type":"formazione","link":"https:\/\/euknow.it\/fr\/formazione\/defis-europeens-une-voie-dacces-aux-fonds-europeens\/","title":{"rendered":"D\u00e9fis europ\u00e9ens : une voie d&rsquo;acc\u00e8s aux fonds europ\u00e9ens"},"content":{"rendered":"<p>Premier webinaire de pr\u00e9sentation<\/p>\n","protected":false},"excerpt":{"rendered":"<p>Premier webinaire de pr\u00e9sentation<\/p>\n","protected":false},"author":10,"featured_media":19507,"template":"","meta":{"_acf_changed":false,"inline_featured_image":false},"class_list":["post-21812","formazione","type-formazione","status-publish","has-post-thumbnail","hentry","argomento-webinaire"],"acf":[],"_links":{"self":[{"href":"https:\/\/euknow.it\/fr\/wp-json\/wp\/v2\/formazione\/21812","targetHints":{"allow":["GET"]}}],"collection":[{"href":"https:\/\/euknow.it\/fr\/wp-json\/wp\/v2\/formazione"}],"about":[{"href":"https:\/\/euknow.it\/fr\/wp-json\/wp\/v2\/types\/formazione"}],"author":[{"embeddable":true,"href":"https:\/\/euknow.it\/fr\/wp-json\/wp\/v2\/users\/10"}],"wp:featuredmedia":[{"embeddable":true,"href":"https:\/\/euknow.it\/fr\/wp-json\/wp\/v2\/media\/19507"}],"wp:attachment":[{"href":"https:\/\/euknow.it\/fr\/wp-json\/wp\/v2\/media?parent=21812"}],"curies":[{"name":"wp","href":"https:\/\/api.w.org\/{rel}","templated":true}]}}

Défis européens : une voie d&rsquo;accès aux fonds européens

<p>Premier webinaire de présentation</p>
