{"id":21919,"date":"2024-03-28T15:18:58","date_gmt":"2024-03-28T15:18:58","guid":{"rendered":"https:\/\/www.guidaeuroprogettazione.eu\/formazione\/europe-desk-cerv-memoire-europeenne\/"},"modified":"2024-03-28T15:18:58","modified_gmt":"2024-03-28T15:18:58","slug":"europe-desk-cerv-memoire-europeenne","status":"publish","type":"formazione","link":"https:\/\/euknow.it\/fr\/formazione\/europe-desk-cerv-memoire-europeenne\/","title":{"rendered":"Europe Desk : CERV - M\u00e9moire europ\u00e9enne"},"content":{"rendered":"<p>M\u00e9moire europ\u00e9enne - Le nouvel appel du programme europ\u00e9en CERV<\/p>\n","protected":false},"excerpt":{"rendered":"<p>M\u00e9moire europ\u00e9enne - Le nouvel appel du programme europ\u00e9en CERV<\/p>\n","protected":false},"author":10,"featured_media":19726,"template":"","meta":{"_acf_changed":false,"inline_featured_image":false},"class_list":["post-21919","formazione","type-formazione","status-publish","has-post-thumbnail","hentry","argomento-webinaire"],"acf":[],"_links":{"self":[{"href":"https:\/\/euknow.it\/fr\/wp-json\/wp\/v2\/formazione\/21919","targetHints":{"allow":["GET"]}}],"collection":[{"href":"https:\/\/euknow.it\/fr\/wp-json\/wp\/v2\/formazione"}],"about":[{"href":"https:\/\/euknow.it\/fr\/wp-json\/wp\/v2\/types\/formazione"}],"author":[{"embeddable":true,"href":"https:\/\/euknow.it\/fr\/wp-json\/wp\/v2\/users\/10"}],"wp:featuredmedia":[{"embeddable":true,"href":"https:\/\/euknow.it\/fr\/wp-json\/wp\/v2\/media\/19726"}],"wp:attachment":[{"href":"https:\/\/euknow.it\/fr\/wp-json\/wp\/v2\/media?parent=21919"}],"curies":[{"name":"wp","href":"https:\/\/api.w.org\/{rel}","templated":true}]}}

Europe Desk : CERV - Mémoire européenne

<p>Mémoire européenne - Le nouvel appel du programme européen CERV</p>
