{"id":41482,"date":"2026-04-02T09:54:34","date_gmt":"2026-04-02T10:54:34","guid":{"rendered":"https:\/\/euknow.it\/formazione\/lexperience-de-nos-partenaires-fondazione-sardegna\/"},"modified":"2026-04-02T09:54:34","modified_gmt":"2026-04-02T10:54:34","slug":"lexperience-de-nos-partenaires-fondazione-sardegna","status":"publish","type":"formazione","link":"https:\/\/euknow.it\/fr\/formazione\/lexperience-de-nos-partenaires-fondazione-sardegna\/","title":{"rendered":"L&rsquo;exp\u00e9rience de nos partenaires : Fondazione Sardegna"},"content":{"rendered":"<p>Dans cette vid\u00e9o, Rossella Porcheddu explique comment le travail de la Fondazione Sardegna se concentre sur le dialogue avec les pays m\u00e9diterran\u00e9ens.<\/p>\n","protected":false},"excerpt":{"rendered":"<p>Dans cette vid\u00e9o, Rossella Porcheddu explique comment le travail de la Fondazione Sardegna se concentre sur le dialogue avec les pays m\u00e9diterran\u00e9ens.<\/p>\n","protected":false},"author":10,"featured_media":41484,"template":"","meta":{"_acf_changed":false,"inline_featured_image":false},"class_list":["post-41482","formazione","type-formazione","status-publish","has-post-thumbnail","hentry","argomento-webinaire"],"acf":[],"_links":{"self":[{"href":"https:\/\/euknow.it\/fr\/wp-json\/wp\/v2\/formazione\/41482","targetHints":{"allow":["GET"]}}],"collection":[{"href":"https:\/\/euknow.it\/fr\/wp-json\/wp\/v2\/formazione"}],"about":[{"href":"https:\/\/euknow.it\/fr\/wp-json\/wp\/v2\/types\/formazione"}],"author":[{"embeddable":true,"href":"https:\/\/euknow.it\/fr\/wp-json\/wp\/v2\/users\/10"}],"wp:featuredmedia":[{"embeddable":true,"href":"https:\/\/euknow.it\/fr\/wp-json\/wp\/v2\/media\/41484"}],"wp:attachment":[{"href":"https:\/\/euknow.it\/fr\/wp-json\/wp\/v2\/media?parent=41482"}],"curies":[{"name":"wp","href":"https:\/\/api.w.org\/{rel}","templated":true}]}}

L&rsquo;expérience de nos partenaires : Fondazione Sardegna

<p>Dans cette vidéo, Rossella Porcheddu explique comment le travail de la Fondazione Sardegna se concentre sur le dialogue avec les pays méditerranéens.</p>
