{"id":41489,"date":"2026-03-19T10:32:49","date_gmt":"2026-03-19T11:32:49","guid":{"rendered":"https:\/\/euknow.it\/formazione\/lexperience-de-nos-temoignages-ada-fama\/"},"modified":"2026-03-19T10:32:49","modified_gmt":"2026-03-19T11:32:49","slug":"lexperience-de-nos-temoignages-ada-fama","status":"publish","type":"formazione","link":"https:\/\/euknow.it\/fr\/formazione\/lexperience-de-nos-temoignages-ada-fama\/","title":{"rendered":"L&rsquo;exp\u00e9rience de nos t\u00e9moignages : Ada Fama"},"content":{"rendered":"<p>L&rsquo;exp\u00e9rience d&rsquo;Ada Fama, designer europ\u00e9en.<\/p>\n","protected":false},"excerpt":{"rendered":"<p>L&rsquo;exp\u00e9rience d&rsquo;Ada Fama, designer europ\u00e9en.<\/p>\n","protected":false},"author":10,"featured_media":41491,"template":"","meta":{"_acf_changed":false,"inline_featured_image":false},"class_list":["post-41489","formazione","type-formazione","status-publish","has-post-thumbnail","hentry","argomento-webinaire"],"acf":[],"_links":{"self":[{"href":"https:\/\/euknow.it\/fr\/wp-json\/wp\/v2\/formazione\/41489","targetHints":{"allow":["GET"]}}],"collection":[{"href":"https:\/\/euknow.it\/fr\/wp-json\/wp\/v2\/formazione"}],"about":[{"href":"https:\/\/euknow.it\/fr\/wp-json\/wp\/v2\/types\/formazione"}],"author":[{"embeddable":true,"href":"https:\/\/euknow.it\/fr\/wp-json\/wp\/v2\/users\/10"}],"wp:featuredmedia":[{"embeddable":true,"href":"https:\/\/euknow.it\/fr\/wp-json\/wp\/v2\/media\/41491"}],"wp:attachment":[{"href":"https:\/\/euknow.it\/fr\/wp-json\/wp\/v2\/media?parent=41489"}],"curies":[{"name":"wp","href":"https:\/\/api.w.org\/{rel}","templated":true}]}}

L&rsquo;expérience de nos témoignages : Ada Fama

<p>L&rsquo;expérience d&rsquo;Ada Fama, designer européen.</p>
