{"id":41588,"date":"2026-04-29T09:17:12","date_gmt":"2026-04-29T10:17:12","guid":{"rendered":"https:\/\/euknow.it\/formazione\/lexperience-de-nos-temoignages-paola-vulterini\/"},"modified":"2026-04-29T09:17:12","modified_gmt":"2026-04-29T10:17:12","slug":"lexperience-de-nos-temoignages-paola-vulterini","status":"publish","type":"formazione","link":"https:\/\/euknow.it\/fr\/formazione\/lexperience-de-nos-temoignages-paola-vulterini\/","title":{"rendered":"L&rsquo;exp\u00e9rience de nos t\u00e9moignages : Paola Vulterini"},"content":{"rendered":"<p>L&rsquo;exp\u00e9rience de Paola Vulterini, designer et activiste du handicap<\/p>\n","protected":false},"excerpt":{"rendered":"<p>L&rsquo;exp\u00e9rience de Paola Vulterini, designer et activiste du handicap<\/p>\n","protected":false},"author":10,"featured_media":41590,"template":"","meta":{"_acf_changed":false,"inline_featured_image":false},"class_list":["post-41588","formazione","type-formazione","status-publish","has-post-thumbnail","hentry","argomento-webinaire"],"acf":[],"_links":{"self":[{"href":"https:\/\/euknow.it\/fr\/wp-json\/wp\/v2\/formazione\/41588","targetHints":{"allow":["GET"]}}],"collection":[{"href":"https:\/\/euknow.it\/fr\/wp-json\/wp\/v2\/formazione"}],"about":[{"href":"https:\/\/euknow.it\/fr\/wp-json\/wp\/v2\/types\/formazione"}],"author":[{"embeddable":true,"href":"https:\/\/euknow.it\/fr\/wp-json\/wp\/v2\/users\/10"}],"wp:featuredmedia":[{"embeddable":true,"href":"https:\/\/euknow.it\/fr\/wp-json\/wp\/v2\/media\/41590"}],"wp:attachment":[{"href":"https:\/\/euknow.it\/fr\/wp-json\/wp\/v2\/media?parent=41588"}],"curies":[{"name":"wp","href":"https:\/\/api.w.org\/{rel}","templated":true}]}}

L&rsquo;expérience de nos témoignages : Paola Vulterini

<p>L&rsquo;expérience de Paola Vulterini, designer et activiste du handicap</p>
